{"id":21,"date":"2025-09-17T14:34:42","date_gmt":"2025-09-17T12:34:42","guid":{"rendered":"https:\/\/lot-et-garonne.paysagistegironde.fr\/?page_id=21"},"modified":"2026-02-16T14:38:33","modified_gmt":"2026-02-16T13:38:33","slug":"dessouchage","status":"publish","type":"page","link":"https:\/\/lot-et-garonne.paysagistegironde.fr\/index.php\/dessouchage\/","title":{"rendered":"D\u00e9ssouchage"},"content":{"rendered":"\n<h3 class=\"wp-block-heading\">Travaux de dessouchage<\/h3>\n\n\n\n<p>Le dessouchage consiste \u00e0 <strong>enlever la souche d\u2019un arbre<\/strong> enracin\u00e9 dans le sol afin de retrouver un terrain propre, plat et s\u00e9curis\u00e9. Cette op\u00e9ration permet d\u2019\u00e9viter le pourrissement des racines, les repousses ind\u00e9sirables et limite les risques de chute, notamment pour les enfants.<\/p>\n\n\n\n<p>Nos <strong>paysagistes en Lot et Garonne<\/strong> interviennent avec le mat\u00e9riel adapt\u00e9 pour retirer efficacement vos souches d\u2019arbres, que ce soit apr\u00e8s un abattage ou dans le cadre d\u2019un am\u00e9nagement paysager. Nous vous garantissons un terrain pr\u00eat \u00e0 \u00eatre r\u00e9utilis\u00e9 en toute s\u00e9curit\u00e9.<\/p>\n\n\n\n<figure class=\"wp-block-image size-large\"><img loading=\"lazy\" decoding=\"async\" width=\"1024\" height=\"1024\" src=\"https:\/\/lot-et-garonne.paysagistegironde.fr\/wp-content\/uploads\/2026\/02\/1000002197-1024x1024.jpg\" alt=\"\" class=\"wp-image-95\" srcset=\"https:\/\/lot-et-garonne.paysagistegironde.fr\/wp-content\/uploads\/2026\/02\/1000002197-1024x1024.jpg 1024w, https:\/\/lot-et-garonne.paysagistegironde.fr\/wp-content\/uploads\/2026\/02\/1000002197-300x300.jpg 300w, https:\/\/lot-et-garonne.paysagistegironde.fr\/wp-content\/uploads\/2026\/02\/1000002197-150x150.jpg 150w, https:\/\/lot-et-garonne.paysagistegironde.fr\/wp-content\/uploads\/2026\/02\/1000002197-768x768.jpg 768w, https:\/\/lot-et-garonne.paysagistegironde.fr\/wp-content\/uploads\/2026\/02\/1000002197-1536x1536.jpg 1536w, https:\/\/lot-et-garonne.paysagistegironde.fr\/wp-content\/uploads\/2026\/02\/1000002197-100x100.jpg 100w, https:\/\/lot-et-garonne.paysagistegironde.fr\/wp-content\/uploads\/2026\/02\/1000002197.jpg 1920w\" sizes=\"auto, (max-width: 1024px) 100vw, 1024px\" \/><\/figure>\n","protected":false},"excerpt":{"rendered":"<p>Travaux de dessouchage Le dessouchage consiste \u00e0 enlever la souche d\u2019un arbre enracin\u00e9 dans le sol afin de retrouver un terrain propre, plat et s\u00e9curis\u00e9. Cette op\u00e9ration permet d\u2019\u00e9viter le pourrissement des racines, les repousses ind\u00e9sirables et limite les risques de chute, notamment pour les enfants. Nos paysagistes en Lot et Garonne interviennent avec le [&hellip;]<\/p>\n","protected":false},"author":1,"featured_media":95,"parent":0,"menu_order":0,"comment_status":"closed","ping_status":"closed","template":"","meta":{"footnotes":""},"class_list":["post-21","page","type-page","status-publish","has-post-thumbnail","hentry"],"_links":{"self":[{"href":"https:\/\/lot-et-garonne.paysagistegironde.fr\/index.php\/wp-json\/wp\/v2\/pages\/21","targetHints":{"allow":["GET"]}}],"collection":[{"href":"https:\/\/lot-et-garonne.paysagistegironde.fr\/index.php\/wp-json\/wp\/v2\/pages"}],"about":[{"href":"https:\/\/lot-et-garonne.paysagistegironde.fr\/index.php\/wp-json\/wp\/v2\/types\/page"}],"author":[{"embeddable":true,"href":"https:\/\/lot-et-garonne.paysagistegironde.fr\/index.php\/wp-json\/wp\/v2\/users\/1"}],"replies":[{"embeddable":true,"href":"https:\/\/lot-et-garonne.paysagistegironde.fr\/index.php\/wp-json\/wp\/v2\/comments?post=21"}],"version-history":[{"count":5,"href":"https:\/\/lot-et-garonne.paysagistegironde.fr\/index.php\/wp-json\/wp\/v2\/pages\/21\/revisions"}],"predecessor-version":[{"id":114,"href":"https:\/\/lot-et-garonne.paysagistegironde.fr\/index.php\/wp-json\/wp\/v2\/pages\/21\/revisions\/114"}],"wp:featuredmedia":[{"embeddable":true,"href":"https:\/\/lot-et-garonne.paysagistegironde.fr\/index.php\/wp-json\/wp\/v2\/media\/95"}],"wp:attachment":[{"href":"https:\/\/lot-et-garonne.paysagistegironde.fr\/index.php\/wp-json\/wp\/v2\/media?parent=21"}],"curies":[{"name":"wp","href":"https:\/\/api.w.org\/{rel}","templated":true}]}}